at is the tens digit of o?
5
Suppose -3*v + 278 = 8*a - 7*a, 3*v = 2*a - 538. What is the tens digit of a?
7
Suppose -3*r = 2*s - 101, -105 - 60 = -5*r - 4*s. What is the tens digit of r?
3
Suppose 88480 = -28*a + 48*a. What is the hundreds digit of a?
4
Suppose 0 = -4*s - 13 - 7. Let q(p) = -4*p + 2. Let l be q(s). Suppose 0 = -w + 2 + l. What is the units digit of w?
4
Let l be (-3 + 7 + -4)*-1. What is the units digit of ((-24)/20 - l)*-5?
6
What is the tens digit of 4/(-2) + -1 - (-2245)/5?
4
Suppose -5*n = 3*m - 0*m - 29, 2*m - 18 = -3*n. Let a(v) be the first derivative of v**3/3 - v**2 + v - 1. What is the units digit of a(m)?
4
What is the units digit of 3/7 + 3*(-18030)/(-63)?
9
Suppose 3*i + 2*n = 2920, 7*i = 5*i + 2*n + 1940. What is the tens digit of i?
7
What is the units digit of 76/(-12)*(-562 + -5 - -6)?
3
Let l = -9 + 11. Let z be (0 - (-1)/2)*l. What is the units digit of z/(-2) + 9/2?
4
Suppose o + 2*v = 4, -o + v = 4*v. Let z be (10/(-4))/((-1)/2). Suppose -3*p + 44 = -j, -p - z*j - o = -0*p. What is the units digit of p?
3
Let a(q) = -4 - q + 2 - q + 79*q**2. What is the units digit of a(-1)?
9
Suppose 0 = 2*v + 4*u + 5 - 13, 0 = 4*v - 3*u + 28. Let o = 26 + v. What is the units digit of o?
2
Let u = 2 - 0. Suppose u*r = 6*r. Suppose 0*m = -5*m + 4*f + 187, r = -5*m - 3*f + 166. What is the tens digit of m?
3
What is the hundreds digit of (7 - -3)*(996/(-8))/(-3)?
4
Suppose -233*b + 1692 = -229*b. What is the hundreds digit of b?
4
Let g = -19 + 8. Let j be g - (-2 + 6/2). Let d = j - -16. What is the units digit of d?
4
What is the thousands digit of ((-1)/2 + 1089 + -2)*2?
2
What is the hundreds digit of 538/(-1)*(13 - 14)?
5
Let o be 3 + -3 + 6 + -3. Suppose 4*x + 4*s = -x + 299, 2*s = -o*x + 181. What is the tens digit of x?
6
Suppose -46*w + 31*w + 22845 = 0. What is the tens digit of w?
2
What is the tens digit of -7*(0/(-6) - 11)?
7
Let a(u) = 22*u**2 + 4*u - 8. Let g be a(-3). Let c = 355 - g. What is the tens digit of c?
7
Suppose -27419 = 2*s - 9*s. What is the thousands digit of s?
3
Let w(z) = -z**3 - 3*z**2 + z. Let p be w(2). What is the units digit of p*(132/(-8))/3?
9
Let n(i) = i**2 - 10*i + 10. Let g be n(9). Let w(z) = -5*z + 1. Let r be w(g). What is the units digit of 3/2 - 42/r?
2
Let h = 807 + -421. What is the units digit of h?
6
Let i(p) = -p**2 + 2*p - 112. Let z be i(0). Let t = -30 - z. What is the units digit of t?
2
Suppose 3*m - 5*g - 4273 = -0*g, -5*m + 7085 = -g. What is the thousands digit of m?
1
Let q(o) = -o**3 - 44*o**2 + 115*o - 96. What is the units digit of q(-47)?
6
Let o(q) = q**2 + 11*q - 100. What is the thousands digit of o(32)?
1
Suppose -3*b - 2 = -8. Let v be b - 0*(-2)/(-6). Suppose 0 = -v*p + 4 + 2. What is the units digit of p?
3
Suppose r - 11 = 3*j + 2*r, 0 = -4*r - 20. Let h(z) be the second derivative of -5*z**3/2 - 2*z**2 + 7*z. What is the tens digit of h(j)?
2
Let o(r) = -3*r + r**3 - 2*r + 9 - r + 20*r**2 + 3*r. What is the tens digit of o(-20)?
6
Let r(t) = t**3 - 4*t**2 + 2*t + 4406. Let k be r(0). Suppose -16*f + k - 1014 = 0. What is the units digit of f?
2
Let z = -35 + 37. What is the hundreds digit of (-596)/(-4) + (1 - (z + -3))?
1
Let v(q) = -q**3 - 14*q**2 - 18*q - 18. Let u(h) = -3*h**2 - h - 3. Let l be u(-2). What is the tens digit of v(l)?
4
Let h be 1*4/(20/1965). Suppose 8*y - h - 63 = 0. What is the units digit of y?
7
Let k(s) = s**3 + 14*s**2 + 4*s - 10. Let t be k(-6). Suppose 0*n + t = 2*n. What is the hundreds digit of n?
1
Suppose -3*x - 2*x - 30 = 0. Let z(m) = -m**3 - 3*m**2 + 10*m - 7. Let a be z(x). Suppose -52 = -3*k + a. What is the tens digit of k?
3
Let a be 2/(-6) - (-44)/33. Let s be 0 + a*62/2. Suppose -r = 3 - s. What is the units digit of r?
8
What is the tens digit of 514 + -11 + (-9)/(-6 + 3)?
0
Let x(c) be the second derivative of c**5/20 - c**4/6 - c**3 - 7*c**2/2 - 8*c. What is the hundreds digit of x(6)?
1
Suppose 36*x = 30*x + 1668. What is the units digit of x?
8
Suppose -2774 = -4*o + 2*p, -8*o + 3471 = -3*o + p. What is the units digit of o?
4
Let j = -167 - -684. What is the tens digit of j?
1
Let y(c) = -2*c**2 + 7*c + 1. Let d be y(3). Suppose a + 3*o = 5, -d + 14 = 2*a + 5*o. Suppose -a*q = -x - 7, 2*q = -3*x - 5 + 35. What is the units digit of x?
8
Suppose -c = -4*a - 88, a = -a + 2*c - 50. Let i be 6/(-21) - 6/a. Suppose -4*u + 26 = 2*q, 2*q + 2*u = -i*q + 22. What is the units digit of q?
9
Let x(s) = -13*s - s**2 + 8 - 11 + 4*s. Let p be x(-8). Suppose p*a - 23 - 37 = 0. What is the units digit of a?
2
Let x = -60 - -122. Let h = x - 32. What is the units digit of h?
0
Suppose 6*g - 923 = 1663. What is the hundreds digit of g?
4
Let t = -215 + 478. What is the tens digit of t?
6
Let r(t) = -24*t - 14. Let h be (6/(-6))/(2/8). What is the tens digit of r(h)?
8
Let l(f) = -f + 7. Let x(p) = -p**2 + 3*p - 9. Let r be x(0). What is the units digit of l(r)?
6
Let k(q) = -15*q**3 - 3*q**2 - 14*q - 6. What is the units digit of k(-3)?
4
What is the hundreds digit of ((-4)/8)/((-2)/34)*72?
6
What is the tens digit of 40/(-12) + 3 - 4202/(-33)?
2
Suppose 0 = -4*q + 2*t - 6*t + 7348, t + 1841 = q. What is the units digit of q?
9
Let f be 4/1 - (1 - 2). Suppose -f*w - 4*k = -485, 4*k = -w - 36 + 149. What is the units digit of w?
3
Suppose -8 - 17 = 5*s. What is the hundreds digit of 9/(-3) - s - -4*43?
1
Suppose 3*t + 9 = -3*j, 3*t - 19 = -3*j + 7*j. What is the tens digit of -4 + 127*(0 + t)?
2
Suppose 195 = a - 55. Let d = -161 + a. What is the tens digit of d?
8
Let u(b) = 93*b + 84. What is the tens digit of u(7)?
3
Let a = -777 - -853. Let w be -1 + 2 - (-5 - 0). What is the units digit of a/w - 4/6?
2
Let c(h) = 5*h + 27. Let u be c(-5). Suppose 3*x - 27 = -l - 0*l, -46 = -4*x + 2*l. Suppose -u*y = -z + 23, -z + 4*y + 23 = -x. What is the units digit of z?
3
Suppose -8*a = -13*a - 175. Let l = 123 + a. What is the tens digit of l?
8
Suppose 5*n + 180 = -4*k + 2*n, 88 = -2*k - 2*n. Let h = k - -77. What is the units digit of h?
9
Suppose 19*y + 30 = 24*y. Suppose -36 = -a + y. What is the tens digit of a?
4
Let i = 575 - -2801. What is the thousands digit of i?
3
Suppose -56*t + 61*t - 1300 = 0. What is the tens digit of t?
6
Let a be 2*(-24)/(-3)*2/(-4). What is the tens digit of (a/(-4))/(60/(-31) + 2)?
3
Let n(x) = 4*x + 6 - x + 4 + x. What is the tens digit of n(8)?
4
Let n(s) = 3*s. Let c be n(6). Suppose -9*q + 6*q = c. What is the units digit of q/15 + (-606)/(-15)?
0
Let h = 312 - 217. What is the tens digit of h?
9
Let d(t) = -17*t**2 - 5. Let b(x) = -16*x**2 - 4. Let p(q) = -4*b(q) + 3*d(q). What is the tens digit of p(-1)?
1
Suppose 8 + 7 = 5*s. Suppose s*r = -0*r + 141. Suppose -5*g + 0*v - v = -219, v = -g + r. What is the units digit of g?
3
Let f(h) = -38*h - 258. What is the thousands digit of f(-44)?
1
Suppose 2*x = 3*m + 4*x - 12, 2*m + 2*x = 6. Suppose 4*y = -4*j - 16, y = j - m*j + 16. Let b = 10 + y. What is the units digit of b?
1
Suppose -4*o + 3*f + 0 = -46, 4*f = -o + 21. Suppose 223 = o*t - 12*t. What is the hundreds digit of t?
2
Let m = 21 + 41. Suppose k + 5 = m. Let v = k - 31. What is the units digit of v?
6
Let p be (8/(-12))/((-8)/(-60)). What is the units digit of (2/6)/(p/(-660))?
4
Let q(k) = -167*k - 176. What is the hundreds digit of q(-8)?
1
Let y = 40 + 12. Let f(t) = -2*t**2 + 55*t + 2 + 6*t**2 - y*t. What is the units digit of f(-2)?
2
What is the units digit of 62/(-12) - -6 - 23474/(-12)?
7
Let m = -3619 + 6430. What is the units digit of m?
1
Suppose -28*u + 8539 + 76749 = 0. What is the thousands digit of u?
3
Suppose 0 = -9*o + 6*o - 4608. What is the units digit of 2/(-3) - -1 - o/36?
3
Let v be ((-2)/5)/((-4)/(-10)). What is the hundreds digit of ((-18)/22 - v) + (-9135)/(-33)?
2
Suppose 3*o = -p + 3474, -1168 = -o - 68*p + 71*p. What is the thousands digit of o?
1
Let p(t) = t**2 + 10*t - 5. Let g be p(-5). Let h be (-892)/(-60) - 4/g. Suppose 0 = 3*w + 2*w - h. What is the units digit of w?
3
Suppose -3*d = -5 + 20. Let y = -2 - d. Suppose 0*w + 53 = 5*w - 3*m, -26 = -y*w - 4*m. What is the tens digit of w?
1
Let k(p) = p - 15. Let t be k(7). Let z(y) = -y**2 - 9*y - 3. Let u be z(t). Let v = 11 + u. What is the tens digit of v?
1
Let m(c) = 682*c**3 + 2*c - 1